w = 33 + -36. Let p be -2 + w + 176/(-4). Let t = 71 + p. What is the units digit of t?
2
Let c(d) = 3*d**2 + 6*d - 40. Let w be c(5). Let o = w - 62. Suppose o*f = 14 - 8, -2*n + 182 = -f. What is the tens digit of n?
9
Let n = -651 + 2458. What is the hundreds digit of n?
8
Let f be (-5 - (-1 - 0))*(-160)/(-64). Let n(d) = -44*d - 40. What is the hundreds digit of n(f)?
4
Suppose 10 = 5*x, 2*f + 0*x + 4 = 4*x. Suppose -f*b = -b. Suppose b*i = -3*i + 417. What is the hundreds digit of i?
1
Let a(n) = -181*n - 5083. What is the hundreds digit of a(-119)?
4
Let i(g) = 25 + 249*g**3 + 58 - 250*g**3 - 19*g**2 + 14*g. What is the units digit of i(-20)?
3
Let y = 120 - 239. Suppose 0 = -4*v - 0*v + 704. Let x = v + y. What is the tens digit of x?
5
Suppose -3*u - 4*j - j = -12127, 2*u + 3*j = 8085. Suppose -2*z - 10*z = -u. What is the units digit of z?
7
Let r(d) = 3*d - 6. Let p be r(3). Let w be p/9*3 + 3. Suppose 5*q = -w*h + 348, 0 = 4*q + 6*h - 2*h - 280. What is the units digit of q?
8
Suppose -803 = -14*t + 72501. What is the units digit of t?
6
Let u(a) = -170*a + 2752. What is the tens digit of u(-20)?
5
Suppose b - 61 = -x, 0 = x - 0 - 5. Suppose o - b - 283 = u, -2*o - 5*u = -650. What is the units digit of o?
5
Let r = -586 - -340. Let f(v) = -2*v**3 + 5*v**2 - 11*v - 20. Let b be f(-5). Let c = r + b. What is the units digit of c?
4
Let c be (-52)/26 - 16/(-1). Let w(n) = 2*n**2 + 33*n - 284. What is the tens digit of w(c)?
7
Suppose 0 = 4*k + 238 - 78. What is the hundreds digit of 16200/k*10/(-3)?
3
Suppose 62*z = 32*z - 780. What is the tens digit of -28 - z - (1 - 1009)?
0
Let q be 19/(-57)*(2 + 101*-1). What is the units digit of 7452/q + (-3)/(66/(-4))?
6
Suppose -5*j - 50*k = -55*k - 17795, 5*j + 2*k = 17795. What is the tens digit of j?
5
Let i = -54020 - -96409. What is the thousands digit of i?
2
Let l(u) = -9*u**3 + 7 + 0*u**2 + 2*u**2 - 93*u + 100*u. What is the tens digit of l(-4)?
8
Let v(q) = -19*q**3 + q**2 + 5*q - 12. Let i be v(2). Let h = -110 - i. What is the units digit of (3 - h/12)/(1/(-531))?
7
Let n(f) = 1000*f + 1492. What is the tens digit of n(26)?
9
Suppose -37*a + 32*a + 66102 = -s, a = 4*s + 13209. What is the units digit of a?
1
Let z = 2 + 0. Suppose 257*f - 35604 = 20422. Suppose z*v - 436 = -3*t, -2*t + f = -4*v + 5*v. What is the units digit of v?
8
Suppose -2*q = 2*r - 16700, 5*q - 7124 = -4*r + 34623. What is the units digit of q?
7
Suppose 65*q - 330 = 67*q. Let r = 824 - q. What is the units digit of r?
9
Let c(l) = l**3 - 5*l - 2. Let h be c(-2). Let y be -2 + (-2 - (h - 4)). Suppose 0 = -5*s - 5*d + 335, -4*s + y*d = d - 262. What is the tens digit of s?
6
Let r = -58 + 92. Let m be (-800)/(-112)*(-13 + 27). Suppose 102*d - m*d = r. What is the units digit of d?
7
Let m = -35 + 33. Let o be (2 + (-35)/(-10))*m. Let d = o + 16. What is the units digit of d?
5
Let p be (-3)/(-12) + -1 + 7235/20. Suppose p = 2*m - 557. What is the tens digit of m?
5
Suppose 4*k - 5869 = -p, 0 = p - k - 944 - 4945. What is the thousands digit of p?
5
Let z be 1 + -6 + 7 + -15*31. Let t = 979 + z. What is the tens digit of t?
1
Let l be ((-32)/10)/((-2)/(-10)). Let f = 9 - l. Let k = 195 - f. What is the units digit of k?
0
Let a be (12/9 + -2)/((-18)/27). Let v be 8 - -2*(a + 5/(-2)). Suppose 6*w - v*h - 860 = w, -338 = -2*w - h. What is the hundreds digit of w?
1
Let o be 6 + -2 + (12649/7 - 9). What is the thousands digit of o + (-48)/(-18)*(-3)/2?
1
Suppose r + 88 = 5*r. Suppose -3*x + 83 = -x - 5*g, -r = -x - 4*g. Suppose -x = 2*i - 150. What is the units digit of i?
8
Suppose 9*y = -24 - 120. Let s be -13 - (2/8 + 52/y). What is the tens digit of (2 - (-24)/s)*(-8 - 207)?
8
Let m(o) = 166*o**2 - 2*o + 89. What is the hundreds digit of m(-7)?
2
Let i(o) = 7*o**3 + 4*o**2 - 2*o + 1. Let d be i(5). Suppose a = -4*z + 3*z + 322, -z + d = 3*a. What is the hundreds digit of a?
3
Let o(k) be the second derivative of k**4/12 - 13*k**3/3 - 41*k**2/2 + 66*k + 2. What is the tens digit of o(34)?
3
Let j(w) = -w**2 + 130*w - 1811. What is the tens digit of j(105)?
1
What is the ten thousands digit of (-132938)/(-65)*(14 + 11)?
5
Suppose 2*y + 4144 = 3*k, -3*y - 1708 + 315 = -k. What is the units digit of k?
8
Suppose i = n - 23661, -n - 646*i + 643*i = -23661. What is the units digit of n?
1
Let s = -648 + 964. Let t(q) = -q**3 - 9*q**2 + 23*q + 130. Let v be t(-10). Suppose -22*x + 18*x + s = v. What is the units digit of x?
9
Let g = 2228 - 1532. Let c = g + 51. What is the units digit of c?
7
Suppose 36 = 3*u - 5*n + 390, 0 = 5*u + 2*n + 590. Let a be u/(-6)*33/11. Let x = a + -24. What is the units digit of x?
5
Let z = -302 + 206. Let a = -92 - z. Suppose -2*n = 5*v - 98, -a*v + v + 61 = -n. What is the tens digit of v?
2
Let b = -102 + 109. What is the hundreds digit of 42/(-12)*(-1)/b*446?
2
Let b(g) = 8 + g**3 - 19 + 8 - 3*g**2 - g + 11. Let l be b(3). Suppose y + l*h = 79, y + 152 = 3*y + 4*h. What is the units digit of y?
4
Suppose -9*g + 1170 = 315. Suppose g*m = 116*m - 24738. What is the hundreds digit of m?
1
Let c(a) = 2*a**3 - 55*a**2 + 26*a + 28. Let l be c(27). What is the tens digit of (55/(-550))/(l/(-2710))?
7
Suppose 68 = 5*k - 4*f, -3*k - 2*f + 44 = -6*f. Suppose k*p - 11*p = 7. Suppose 0 = p*d - 6*d - 72. What is the tens digit of d?
7
Suppose 37*w - 427715 + 88170 - 358127 = 0. What is the units digit of w?
6
Suppose -43*k + 13*k + 74382 = 3*k. What is the thousands digit of k?
2
Suppose 0 = 80*q - 85*q + 25. Suppose -3*a = -8*a - q*f + 1595, -a + 329 = 3*f. What is the hundreds digit of a?
3
What is the tens digit of (0 + 1)/((-15)/(-257895)) + (37 - 36)?
9
Let a = 37 + -35. Let f be (4 + -10)/((-1)/a). Suppose -2*v + 0*v = -3*x - 24, -v = 4*x - f. What is the tens digit of v?
1
Suppose 30*n = 32*n + 12. What is the thousands digit of (3/18 - 30865/(-30)) + n?
1
What is the thousands digit of ((-296)/740 + 26018/(-5))*-4?
0
Let a = 334 + -321. Suppose -a*d + 778 = -7165. What is the tens digit of d?
1
Let z(w) = -518 + 970 - 53*w - 526. What is the tens digit of z(-14)?
6
Let g(f) = 7607*f - 7151. What is the thousands digit of g(7)?
6
Let m(c) = -21*c + 25. Suppose 106 = 5*y - 384. Let v = y - 107. What is the units digit of m(v)?
4
Let t(a) = -11 - 128*a**3 - 75*a**3 + a**2 - 3 + 73*a**3 + 13. Let c = 4 + -5. What is the hundreds digit of t(c)?
1
Let y = -13473 - 106623. What is the units digit of y/(-180) - 1*(-12)/15?
8
Let y be (2/1 - 1) + (188 - 1). Let q = 318 + y. What is the tens digit of q?
0
Let a(y) be the third derivative of -137*y**6/120 - y**5/30 + y**4/6 - y**3/3 + 6*y**2. Let w be a(1). Let p = -75 - w. What is the tens digit of p?
6
Suppose 61*b = 56*b + 5. What is the units digit of -3 - ((b - 1) + (-1370 - 12))?
9
Let k = 492 - 488. Suppose -k*l = -24*l + 5300. What is the hundreds digit of l?
2
Suppose 2*g + 193 = -5*u + 25, 3*g - 116 = 4*u. Let i = 38 + u. What is the tens digit of (270/(-35))/(i/(-56))?
7
Suppose -5*x - 1005 = -r, 8*r = 9*r - 4*x - 1002. What is the hundreds digit of r?
9
Let i(t) = 5*t - 46. Let k be i(7). Let n(p) = -p**3 - 11*p**2 - 6*p - 27. What is the units digit of n(k)?
9
Let b = 10475 + -5342. What is the units digit of b?
3
Let q(n) = -n**3 - n**2 - n + 5. Suppose 35 = -9*w + 2*w. Let f be q(w). Let r = -61 + f. What is the units digit of r?
9
Suppose x = -3*b - 5 + 28, 5*b = -20. Let i = 41 - x. Suppose -i*v = 3*v - 711. What is the tens digit of v?
7
Let q(r) be the first derivative of -2*r**4 - 11*r**3/3 - 15*r**2/2 - 9*r + 87. What is the units digit of q(-6)?
3
Suppose 9*b - 24 = 7*b. Suppose 0 = -2*p - 3*l + 2913, -16*p + 5876 = -b*p - 4*l. What is the hundreds digit of p?
4
Suppose -c - 654 = -1856. Let f = c + -664. Suppose -f - 267 = -7*w. What is the hundreds digit of w?
1
What is the units digit of 4 + -14 + (-114548)/(-14)?
2
Let q = -29 - -41. Suppose h - 209 = -2*c + 731, -q = -3*h. What is the hundreds digit of c?
4
Suppose 0 = -2*y + 2*u + 6092, 5*u + 2709 = 4*y - 9472. Suppose 0 = 7*z - y - 535. What is the units digit of z?
2
What is the units digit of (-59)/(2301/(-1021722)) + (-9)/1?
9
Suppose 7*p - 307485 = 1971. What is the units digit of p?
8
Let i = 39255 - 21233. What is the thousands digit of i?
8
Let k(f) = 197*f +